
11
Evaluate -12 + (-269 - -264) + 3 + 1.
-13
Evaluate 2 + 1 + -4 + -1 + (-6 - 8).
-16
What is -1 + (15 - (21 + 6))?
-13
What is the value of -33 - -3 - (-148 - -119)?
-1
What is the value of (-17 - 0) + 0 + 3 - -5?
-9
(-1 - -1 - -6) + (19 - 3) + -9
13
Calculate (16 - 4) + 4 - (-15 + 8 - -12).
11
-6 + -2 + 0 + (11 - 5) + -8
-10
Calculate (-2 - 19 - (9 + -15)) + (19 - 15).
-11
-12 + -1 + 2 - (-3 + 22 + -21)
-9
-18 - (-2 - 15) - (3 + 2 + -2)
-4
Calculate (-4 - (-51 + 30)) + -8.
9
What is the value of 9 + 3 - (45 + -25)?
-8
What is -9 - (-1 + 21 + -24)?
-5
Evaluate (7 - 0) + -18 + 21 + -7.
3
Evaluate 19 - (14 + (6 - 5)).
4
Evaluate -1 - (12 + -7) - -17 - 4.
7
What is the value of (0 - 13) + -76 + 80 + 15?
6
Calculate 50 + -51 - (-2 - (4 - -2)).
7
Evaluate -11 - (27 - (16 - (-4 - -5))).
-23
Calculate -1 - -28 - 10 - (-4 + (4 - 0)).
17
Calculate -6 - ((-31 - -3) + (-18 - -26)).
14
What is the value of (3 - (-3 - (2 + -5))) + (0 - -4)?
7
What is 119 + -86 + (-22 - 1)?
10
Evaluate 41 + -32 - (-7 + (-1 - 2)).
19
What is the value of -2 - ((2 - 0) + 2 + -2)?
-4
What is the value of 47 - -22 - 59 - (-1 - -38)?
-27
What is the value of (-21 - -8) + 16 + -16 - 0?
-13
What is -366 + 401 - (25 + 0)?
10
(0 - -1 - 4) + 0 + 18
15
What is 1 - (-23 + -13 - -36)?
1
Evaluate 50 + -59 - (6 + (-2 - (-6 + 3))).
-16
Evaluate 1 + -21 + 128 + -121.
-13
What is -42 - (-38 + 34 - 22)?
-16
Calculate 32 - (8 + (-27 - -40)).
11
Calculate (13 - 20 - ((6 - 4) + -1)) + 8.
0
Calculate (1 + -1 - 5) + 9 + -2.
2
(-8 - -6 - (3 - (-1 + -1))) + -8
-15
What is (534 - 556) + 23 + -1?
0
Evaluate (-1 - -6) + (23 - 31) + (-1 - 6).
-10
What is the value of 1 + 6 + (1 - 0 - -9)?
17
Evaluate -45 + 33 + (-34 - -17).
-29
Calculate 25 + -60 + 44 - (1 + -6).
14
Evaluate -3 + (-3 - -36) - (34 + -22).
18
Calculate 4 + (-4 - (-3 - -8)) + 17.
12
What is 24 + 4 + -4 + (-87 - -91)?
28
What is (-13 - (-7 - -4)) + -89 + 97?
-2
1 + -14 + (-14 + 14 - -5)
-8
Evaluate -3 - -25 - (53 + -44).
13
Evaluate 26 + (-18 - (-30 - -20)).
18
What is the value of 7 + -2 + -1 + (-12 - -8 - -19)?
19
1 - -18 - (-864 - -856)
27
Evaluate (90 - 81) + -1 + -2.
6
11 - (3 + 9 - -12)
-13
Evaluate (-1 - -1) + 5 + (12 - 15 - -7).
9
What is -12 + (9 - 6) + -10 + 16 + 2?
-1
(6 - 29) + (59 - 38)
-2
(-31 - -12 - -12) + (0 - 1)
-8
Evaluate -5 + -4 + (7 - 7) - (14 - 37).
14
What is (6 - (5 + -1 + (-48 - -51))) + 2?
1
Evaluate 7 - 0 - 2 - (0 + -5).
10
Evaluate -4 + 1 - (18 + -30) - 4.
5
Calculate 10 + (7 + -3 + -7 + -2 - 1).
4
16 - (-1 + (35 - 33) - (0 - 0))
15
What is 4 - (-1 - -3) - (45 + -45 - 22)?
24
Evaluate 3 - (-10 - (-4 + 12)).
21
Calculate (7 - -1) + 5 + (-6 - 0).
7
Calculate 3 + -6 - (-15 + 7 + 4).
1
Calculate -7 - (-15 + (-24 - -36)).
-4
Evaluate -25 - (-42 - (-13 - 7)).
-3
What is 2 + 8 + (5 - 4)?
11
37 - (31 - 25) - 29
2
What is the value of 60 + (28 + 17 - 83)?
22
Calculate -29 + (8 + -18 - -32).
-7
Calculate (-8 - -12 - 2) + 4 + 0 - 22.
-16
Evaluate 1 + 12 - 20 - (-4 - -2).
-5
What is (-2 - -41) + 1153 + -1226?
-34
Calculate (-5 + 26 - -1) + -10.
12
What is -1 - 2 - (25 - 29 - (2 + 0))?
3
What is 14 - 3 - (-3 + 8)?
6
Evaluate (0 - -8 - (-4 + 8)) + 0.
4
Calculate 24 - ((7 - (-7 - -5)) + (3 - 6)).
18
-14 - (39 - 112 - -40)
19
What is the value of -3 - (-2 - 5 - (0 + 3)) - -7?
14
Evaluate 0 + 4 - ((-4 - -58) + -69).
19
What is the value of -3 - 7 - 7 - (-11 - -2)?
-8
What is -78 + 40 - (-7 + -5 + -1 - -2)?
-27
What is the value of (-8 - -17 - (-2 + 2)) + -8?
1
Evaluate -11 - (-6 + -9) - (21 + -3).
-14
3 + -3 - (-7 + -2 + 4)
5
Evaluate -14 + (3 - 1 - -20).
8
What is -1 - (((3 - 4) + -4 - -1) + 6)?
-3
Calculate (-6 - (-7 + 21)) + 22 + -15.
-13
Evaluate (-12 + 1 - -1) + -12.
-22
Calculate 5 + -7 + -16 - 4 - (-101 - -109).
-30
What is (-56 + 14 - 1) + 52?
9
Evaluate -6 - (-6 + -9 + 2 + 0 + -2).
9
Calculate -15 + 13 + (-5 - 1).
-8
What is the value of 53 + (22 - -10) + -65?
20
What is the value of -5 + (0 - -15) + (-3 - 6)?
1
Calculate (1 - (-1 - 0)) + 1 + -1.
2
Calculate (-11 - (6 - 25)) + -37.
-29
-9 + 18 + ((3 - 0) + -1 - 15)
-4
Evaluate (3 - (2 - -9)) + (1 - (4 + -3)).
-8
What is the value of 1 - (-11 - -6 - 4)?
10
What is -6 + 6 + 0 - (-71 + 80)?
-9
Calculate 15 - (8 + (-12 - -13)).
6
What is the value of (-8 + 22 - 6) + (10 - 1)?
17
What is 0 - -6 - (-288 + 280)?
14
Evaluate 244 + -249 - ((2 - -10) + -2 + -2).
-13
What is -6 - (-5 + (4 - -4) - 29 - -1)?
19
23 - (40 + 3 - 6)
-14
Calculate 5 + -16 + (0 - -6).
-5
-1 + (6 - (2 - 7 - -4)) - 9
-3
Evaluate 0 - (7 + -8 - 11).
12
What is the value of 8 - 3 - 7 - ((-5 - -1) + 5)?
-3
What is (-7 - -3 - 2) + (2 - 3)?
-7
What is 1 - (-3 - -2 - (6 - (6 + -4)))?
6
What is the value of -46 + 18 - (77 + -94)?
-11
(0 - -8 - 8) + 6 + 2
8
Evaluate (-6 - -31) + (-7 - 7) + 3.
14
What is (-12 + 7 - -6) + -3?
-2
What is 3 + (-26 - -12) - 0?
-11
What is the value of -5 - (1 + (5 - 11)) - (3 - -1)?
-4
Evaluate 14 + -27 + -6 - -3.
-16
Calculate -160 - -176 - (-1 - -4).
13
-1 + (1 - 16) - (-67 - -80)
-29
What is (-18 - -6 - -19) + (-26 - -2)?
-17
Evaluate (13 - 0) + (-7 - (-8 + 6)).
8
(-10 - 1) + 3 - -8 - 9
-9
Evaluate 4 - 0 - (-1 + 19 - 9 - 6).
1
What is -5 - ((-8 - 1) + (-2 - -15))?
-9
What is the value of (1 - 2) + (121 - 131)?
-11
What is 23 + (-25 - -8) - 5?
1
What is 7 + -1 + 0 - (-121 + 116)?
11
Evaluate 24 - ((12 - -4) + 2 + -4 + -7).
17
Evaluate (2 - 1) + (-7 - -21) - 7.
8
Calculate (-3 - -2) + -12 + 0 + -6 + 12.
-7
What is the value of -15 + -2 + -4 + 14 + 16 + -1?
8
-8 + 0 + (1 - (5 + -1))
-11
6 - ((0 + -5 + 7 - 5) + 11)
-2
Evaluate 3 + -2 + 0 + 2 + 4.
7
What is the value of -1 + 10 + (7 - (-6 - -24))?
-2
What is the value of (12 - -1) + -9 + (11 - -14 - 6)?
23
What is (17 - 10) + (13 + 1 - 3)?
18
Calculate (-1 - -6) + (-4 - -26) + -30.
-3
-24 + 15 + 4 + (-10 - -44)
29
Calculate (-1 - 6) + -8 + -1 + 143 + -141.
-14
Evaluate (3 - (2 + -13 - -16)) + -9.
-11
(6 - 16 - -13) + -3 + 21
21
Calculate 1 - -1 - (-21 + (9 - (-6 - 3))).
5
Evaluate 26 - (10 + 1) - (0 + 11).
4
0 + 7 - (11 - -6)
-10
Calculate -5 - -12 - -1 - (3 - 3).
8
What is 1 - -2 - (-111 + 129)?
-15
What is (5 - (1 - (2 + 0))) + (-77 - -65)?
-6
What is the value of (116 - 137) + 9 + -1?
-13
Calculate (-10 - 7) + (-1 - -16) + -6 + -1.
-9
-11 + 10 + 3 + -10
-8
-15 + -40 + 38 + 0 + 0 + 8
-9
Calculate 5 + -9 + -18 + 8 + -2.
-16
What is 7 + -51 + (-61 - -84)?
-21
(-28 - 11 - -34) + (6 - 14)
-13
Calculate 1 + 15 - (16 + -4 + (-1 - 5)).
10
20 + (26 - 22) + -30
-6
Evaluate -10 + 2 + 14 - -7.
13
0 + -12 - (-3 - -8 - (-136 + 128))
-25
What is the value of (9 - 7) + -17 + 2 + 7?
-6
-10 + (-3 - (-6 + (-4 - -5)))
-8
What is (109 - 69) + (-21 - -1)?
20
Evaluate 15 - (9 - -23 - 16).
-1
Evaluate -12 + -3 + 1 + 3 + (3 - 9).
-17
Evaluate (2 - (-3 - 24)) + 290 + -309.
10
What is 18 - (-71 - -66 - (-6 - 1))?
16
2 + (-23 + 18 - (1 + -2))
-2
Calculate 8 - (14 + -11 + 9).
-4
Evaluate 25 - (22 + -7) - 17.
-7
47 + (-38 - -8) - 1
16
Evaluate (6 - (-2 - (-7 - 6))) + 7.
2
What is -8 + (-9 - ((9 - 7) + (5 - 0)))?
-24
Calculate (0 - (-1 + 2 + -15)) + (-171 - -168).
11
Evaluate 10 + (-15 - -14) + -4 - -10.
15
-12 + 4 + 13 + -10 + -10
-15
What is the value of -2 + 3 + 3 - (-68 + 72 + -37)?
37
Evaluate 27 - (4 - (-8 - 0)).
15
Calculate (2 - (39 + -33)) + 1 + -30.
-33
What is the value of -2 - (-23 + -1) - ((0 - -35) + -43)?
30
What is the value of -7 + (25 - -1) + -2 - 5?
12
Evaluate (-1 - (4 + (-4 - -7)) - 4) + 6.
-6
What is 7 - (-10 - -6 - 6 - -6)?
11
What is the value of 22 - (13 - (-3 - (-7 - -5)))?
8
What is -1 + (13 - 0) - (-25 + 21 + 2)?
14
Calculate -2 - ((3 - 7) + 7) - (13 + -6).
-12
Calculate -19 + (5 - -14) - (16 - (0 + -2)).
-18
22 + -10 + -10 - -7
9
Calculate 11 - (21 + -11 + 0 + -14).
15
-9 - (-24 + 20) - (1 - 2)
-4
(-18 - -3 - 22) + 25
-12
Evaluate (-30 + 62 + -28 - (4 + -1)) + 8.
9
What is the value of -8 - (-6 + 0 + 98 + -105)?
5
Evaluate (8 - (4 - 1)) + (-4 - (-13 + -5)).
19
-2 - (8 + -1 - (-5 - -9)) - -17
12
Evaluate -42 + 15 + (13 - (0 - -5)).
-19
Calculate 12 + 17 + -34 - (-8 + (2 - 2)).
3
What is the value of 3 + 9 - (4 - 4)?
12
What is the value of -2 + -10 + 4 + (29 - 25)?
-4
Calculate (-9 - -19) + -7 - -11.
14
Evaluate 17 + -11 + -13 + -8 + 8.
-7
Evaluate (1 - -31) + (-13 - -5) + -4.
20
What is 31 - 8 - ((9 + 6 - 10) + 0)?
18
Calculate 46 